{"id":6943,"date":"2026-01-29T11:42:11","date_gmt":"2026-01-29T11:42:11","guid":{"rendered":"https:\/\/apefadal.es\/?page_id=6943"},"modified":"2026-02-10T15:02:03","modified_gmt":"2026-02-10T15:02:03","slug":"home2026","status":"publish","type":"page","link":"https:\/\/apefadal.es\/","title":{"rendered":"Home 2026"},"content":{"rendered":"\n<div class=\"wp-block-cover alignfull wp-duotone-unset-1\" style=\"margin-top:0;padding-top:48px;padding-right:48px;padding-bottom:48px;padding-left:48px;min-height:60vh;aspect-ratio:unset;\"><img loading=\"lazy\" decoding=\"async\" width=\"1920\" height=\"1279\" class=\"wp-block-cover__image-background wp-image-7182 size-full\" alt=\"\" src=\"https:\/\/apefadal.es\/wp-content\/uploads\/2026\/01\/cropped-Cabecera-encuentros-2-2026-4-scaled-1.jpg\" style=\"object-position:44% 76%\" data-object-fit=\"cover\" data-object-position=\"44% 76%\" srcset=\"https:\/\/apefadal.es\/wp-content\/uploads\/2026\/01\/cropped-Cabecera-encuentros-2-2026-4-scaled-1.jpg 1920w, https:\/\/apefadal.es\/wp-content\/uploads\/2026\/01\/cropped-Cabecera-encuentros-2-2026-4-scaled-1-300x200.jpg 300w, https:\/\/apefadal.es\/wp-content\/uploads\/2026\/01\/cropped-Cabecera-encuentros-2-2026-4-scaled-1-1024x682.jpg 1024w, https:\/\/apefadal.es\/wp-content\/uploads\/2026\/01\/cropped-Cabecera-encuentros-2-2026-4-scaled-1-768x512.jpg 768w, https:\/\/apefadal.es\/wp-content\/uploads\/2026\/01\/cropped-Cabecera-encuentros-2-2026-4-scaled-1-1536x1023.jpg 1536w\" sizes=\"auto, (max-width: 1920px) 100vw, 1920px\" \/><span aria-hidden=\"true\" class=\"wp-block-cover__background has-background-dim-0 has-background-dim\"><\/span><div class=\"wp-block-cover__inner-container is-layout-flow wp-block-cover-is-layout-flow\">\n<div class=\"wp-block-group is-content-justification-left\"><div class=\"wp-block-group__inner-container is-layout-constrained wp-container-core-group-is-layout-7206f975 wp-block-group-is-layout-constrained\">\n<div id=\"section-g-o4ok2i0\" class=\"wp-block-gutentor-e1 section-g-o4ok2i0 gutentor-element gutentor-element-advanced-text\"><div class=\"gutentor-text-wrap\"><p class=\"gutentor-text\">DISE\u00d1A EL CAOS. LIDERA EL CAMBIO<\/p><\/div><\/div>\n<\/div><\/div>\n\n\n\n<div id=\"section-g-o6kx1yw\" class=\"wp-block-gutentor-e1 section-g-o6kx1yw gutentor-element gutentor-element-advanced-text\"><div class=\"gutentor-text-wrap\"><p class=\"gutentor-text\">Donde otros ven desorden, nosotros creamos aprendizaje. Convierte los juegos y deportes alternativos en tu mejor aliado.<\/p><\/div><\/div>\n\n\n\n<div id=\"section-g-4yf7fy1\" class=\"wp-block-gutentor-e2 section-g-4yf7fy1 gutentor-element gutentor-element-button\"><span class=\"gutentor-button-wrap\"><a class=\"gutentor-button gutentor-block-button gutentor-icon-hide\" href=\"https:\/\/apefadal.es\/index.php\/cursos-2026\/\"><i class=\"gutentor-button-icon fas fa-book\"><\/i><span><strong>SUM\u00c9RGETE<\/strong><\/span><\/a><\/span><\/div>\n<\/div><\/div>\n\n\n\n<section id=\"g-r1zlos1\" class=\"wp-block-gutentor-m5 section-g-r1zlos1 gutentor-module gutentor-module-slider gutentor-slick-a-default-desktop gutentor-module-caption-enabled\"><div class=\"gutentor-module-slider-row\" data-dots=\"false\" data-dotstablet=\"false\" data-dotsmobile=\"false\" data-nextarrow=\"fas fa-angle-right\" data-prevarrow=\"fas fa-angle-left\" data-arrows=\"true\" data-arrowstablet=\"true\" data-arrowsmobile=\"true\" data-fade=\"false\" data-draggable=\"true\" data-infinite=\"true\" data-autoplay=\"true\" data-pauseonfocus=\"true\" data-pauseonhover=\"false\" data-speed=\"300\" data-autoplayspeed=\"10000\" data-arrowspositiondesktop=\"gutentor-slick-a-default-desktop\">\n<div id=\"col-g-pglv1om\" class=\"wp-block-gutentor-m5-col col-g-pglv1om gutentor-slider-item\"><div id=\"section-g-pglv1om\" class=\"section-g-pglv1om gutentor-col-wrap has-image-normal has-custom-bg\"><img decoding=\"async\" src=\"https:\/\/apefadal.es\/wp-content\/uploads\/2026\/01\/Foto-2-Slider-Portada-2026-degradado-scaled.jpg\" alt=\"\" \/><div class=\"gutentor-slider-caption\"><div class=\"grid-container\">\n<div id=\"section-g-f9f1sca\" class=\"wp-block-gutentor-e1 section-g-f9f1sca gutentor-element gutentor-element-advanced-text\"><div class=\"gutentor-text-wrap\"><p class=\"gutentor-text\">Educaci\u00f3n F\u00edsica para un mundo complejo.<\/p><\/div><\/div>\n\n\n\n<div id=\"section-g-t437dxp\" class=\"wp-block-gutentor-e1 section-g-t437dxp gutentor-element gutentor-element-advanced-text\"><div class=\"gutentor-text-wrap\"><p class=\"gutentor-text\">\u00danete a la red de docentes que est\u00e1n transformando el patio en un ecosistema de aprendizaje, inclusi\u00f3n y flujo.<\/p><\/div><\/div>\n\n\n\n<div id=\"section-g-vjovw8o\" class=\"wp-block-gutentor-e2 section-g-vjovw8o gutentor-element gutentor-element-button button-align-left-desktop\"><span class=\"gutentor-button-wrap\"><a class=\"gutentor-button gutentor-block-button gutentor-icon-hide\" href=\"https:\/\/apefadal.es\/index.php\/cursos-2026\/\"><i class=\"gutentor-button-icon fas fa-book\"><\/i><span><strong>CON\u00c9CTATE<\/strong><\/span><\/a><\/span><\/div>\n<\/div><\/div><\/div><\/div>\n\n\n\n<div id=\"col-g-jall5ll\" class=\"wp-block-gutentor-m5-col col-g-jall5ll gutentor-slider-item\"><div id=\"section-g-jall5ll\" class=\"section-g-jall5ll gutentor-col-wrap has-image-normal has-custom-bg\"><img decoding=\"async\" src=\"https:\/\/apefadal.es\/wp-content\/uploads\/2026\/01\/Foto-1-Slider-Portada-2026-degradado-scaled.jpg\" alt=\"\" \/><div class=\"gutentor-slider-caption\"><div class=\"grid-container\">\n<div id=\"section-g-iplp51u\" class=\"wp-block-gutentor-e1 section-g-iplp51u gutentor-element gutentor-element-advanced-text\"><div class=\"gutentor-text-wrap\"><p class=\"gutentor-text\">M\u00e1s que formaci\u00f3n, una Comunidad de Pr\u00e1ctica.<\/p><\/div><\/div>\n\n\n\n<div id=\"section-g-mw5kl01\" class=\"wp-block-gutentor-e1 section-g-mw5kl01 gutentor-element gutentor-element-advanced-text\"><div class=\"gutentor-text-wrap\"><p class=\"gutentor-text\">Surf, deportes alternativos y desdeportivizaci\u00f3n. Aprende a gestionar la incertidumbre en entornos naturales y sociales.<\/p><\/div><\/div>\n\n\n\n<div id=\"section-g-1us11l5\" class=\"wp-block-gutentor-e2 section-g-1us11l5 gutentor-element gutentor-element-button\"><span class=\"gutentor-button-wrap\"><a class=\"gutentor-button gutentor-block-button gutentor-icon-hide\" href=\"https:\/\/apefadal.es\/index.php\/cursos-2026\/\"><i class=\"gutentor-button-icon fas fa-book\"><\/i><span><strong>QUIERO EXPERIMENTARLO<\/strong><\/span><\/a><\/span><\/div>\n<\/div><\/div><\/div><\/div>\n\n\n\n<div id=\"col-g-tqu5q4t\" class=\"wp-block-gutentor-m5-col col-g-tqu5q4t gutentor-slider-item\"><div id=\"section-g-tqu5q4t\" class=\"section-g-tqu5q4t gutentor-col-wrap has-image-normal has-custom-bg\"><img decoding=\"async\" src=\"https:\/\/apefadal.es\/wp-content\/uploads\/2026\/01\/Foto-3-Slider-Portada-2026-degradado-scaled.jpg\" alt=\"\" \/><div class=\"gutentor-slider-caption\"><div class=\"grid-container\">\n<div id=\"section-g-f3z5e3j\" class=\"wp-block-gutentor-e1 section-g-f3z5e3j gutentor-element gutentor-element-advanced-text\"><div class=\"gutentor-text-wrap\"><p class=\"gutentor-text\">La Red en Movimiento<\/p><\/div><\/div>\n\n\n\n<div id=\"section-g-lqlx1hp\" class=\"wp-block-gutentor-e1 section-g-lqlx1hp gutentor-element gutentor-element-advanced-text\"><div class=\"gutentor-text-wrap\"><p class=\"gutentor-text\">No solo formamos docentes, conectamos personas. Participa en el mayor hito de convivencia de Madrid: <strong>2.500 alumnos\/as<\/strong> demostrando que una Educaci\u00f3n F\u00edsica dial\u00f3gica y diversa es posible.<\/p><\/div><\/div>\n\n\n\n<div id=\"section-g-fl44sci\" class=\"wp-block-gutentor-e2 section-g-fl44sci gutentor-element gutentor-element-button\"><span class=\"gutentor-button-wrap\"><a class=\"gutentor-button gutentor-block-button gutentor-icon-hide\" href=\"https:\/\/apefadal.es\/index.php\/cursos-2026\/\"><i class=\"gutentor-button-icon fas fa-book\"><\/i><span><strong>ENR\u00c9DATE<\/strong><\/span><\/a><\/span><\/div>\n<\/div><\/div><\/div><\/div>\n<\/div><\/section>\n\n\n\n<section id=\"gme09ddea\" class=\"wp-block-gutentor-m10 section-gme09ddea gutentor-module g-gm-module has-color-bg has-custom-bg has-gutentor-overlay\"><div class=\"grid-container\"><div class=\"grid-row g-gm-item-wrap\">\n<div id=\"col-gm34f68f\" class=\"wp-block-gutentor-m10-col col-gm34f68f gutentor-module g-gm-col grid-lg-3 grid-md-3 grid-6\"><div id=\"section-gm34f68f\" class=\"section-gm34f68f gutentor-single-col\">\n<div id=\"section-g-8fs9cle\" class=\"wp-block-gutentor-e6 section-g-8fs9cle gutentor-element gutentor-element-image\"><div class=\"gutentor-element-image-box\"><a class=\"gutentor-element-image-link\" href=\"https:\/\/apefadal.es\/index.php\/cursos-2026\/\"><div class=\"gutentor-image-thumb\"><img decoding=\"async\" class=\"normal-image\" src=\"https:\/\/apefadal.es\/wp-content\/uploads\/2026\/02\/Boton-Basket.png\" \/><\/div><\/a><\/div><\/div>\n\n\n\n<div id=\"section-gfd7f53\" class=\"wp-block-gutentor-e1 section-gfd7f53 gutentor-element gutentor-element-advanced-text text-align-center-desktop text-align-center-mobile\"><div class=\"gutentor-text-wrap\"><a class=\"gutentor-element-advanced-text-link\" href=\"https:\/\/apefadal.es\/index.php\/cursos-2026\/\"><p class=\"gutentor-text\"><strong>Cursos 2026<\/strong><\/p><\/a><\/div><\/div>\n<\/div><\/div>\n\n\n\n<div id=\"col-gm8c7889\" class=\"wp-block-gutentor-m10-col col-gm8c7889 gutentor-module g-gm-col grid-lg-3 grid-md-3 grid-6\"><div id=\"section-gm8c7889\" class=\"section-gm8c7889 gutentor-single-col\">\n<div id=\"section-gb4b2a5\" class=\"wp-block-gutentor-e6 section-gb4b2a5 gutentor-element gutentor-element-image text-align-center-desktop\"><div class=\"gutentor-element-image-box\"><a class=\"gutentor-element-image-link\" href=\"https:\/\/apefadal.es\/index.php\/fichas-jda\/\"><div class=\"gutentor-image-thumb\"><img decoding=\"async\" class=\"normal-image\" src=\"https:\/\/apefadal.es\/wp-content\/uploads\/2026\/02\/Boton-alternativos.png\" \/><\/div><\/a><\/div><\/div>\n\n\n\n<div id=\"section-gb0cf71\" class=\"wp-block-gutentor-e1 section-gb0cf71 gutentor-element gutentor-element-advanced-text text-align-center-desktop text-align-center-mobile\"><div class=\"gutentor-text-wrap\"><a class=\"gutentor-element-advanced-text-link\" href=\"https:\/\/apefadal.es\/index.php\/fichas-jda\/\"><p class=\"gutentor-text\"><strong>Fichas Juegos<\/strong><\/p><\/a><\/div><\/div>\n<\/div><\/div>\n\n\n\n<div id=\"col-gm643602\" class=\"wp-block-gutentor-m10-col col-gm643602 gutentor-module g-gm-col grid-lg-3 grid-md-3 grid-6\"><div id=\"section-gm643602\" class=\"section-gm643602 gutentor-single-col\">\n<div id=\"section-g41429d\" class=\"wp-block-gutentor-e6 section-g41429d gutentor-element gutentor-element-image text-align-center-desktop section-g40156e section-g6c90a6\"><div class=\"gutentor-element-image-box\"><a class=\"gutentor-element-image-link\" href=\"https:\/\/apefadal.es\/index.php\/revista\/\"><div class=\"gutentor-image-thumb\"><img decoding=\"async\" class=\"normal-image\" src=\"https:\/\/apefadal.es\/wp-content\/uploads\/2026\/02\/Boton-Espacio-y-material.png\" \/><\/div><\/a><\/div><\/div>\n\n\n\n<div id=\"section-g605a79\" class=\"wp-block-gutentor-e1 section-g605a79 gutentor-element gutentor-element-advanced-text text-align-center-desktop text-align-center-mobile\"><div class=\"gutentor-text-wrap\"><a class=\"gutentor-element-advanced-text-link\" href=\"https:\/\/apefadal.es\/index.php\/revista\/\"><p class=\"gutentor-text\"><strong>Revista<\/strong><\/p><\/a><\/div><\/div>\n<\/div><\/div>\n\n\n\n<div id=\"col-gmd9eea9\" class=\"wp-block-gutentor-m10-col col-gmd9eea9 gutentor-module g-gm-col grid-lg-3 grid-md-3 grid-6\"><div id=\"section-gmd9eea9\" class=\"section-gmd9eea9 gutentor-single-col\">\n<div id=\"section-g3ce695\" class=\"wp-block-gutentor-e6 section-g3ce695 gutentor-element gutentor-element-image text-align-center-desktop section-gb17ff3 section-g3cc563\"><div class=\"gutentor-element-image-box\"><a class=\"gutentor-element-image-link\" href=\"https:\/\/apefadal.es\/index.php\/coreografias\/\"><div class=\"gutentor-image-thumb\"><img decoding=\"async\" class=\"normal-image\" src=\"https:\/\/apefadal.es\/wp-content\/uploads\/2026\/02\/Boton-music.png\" \/><\/div><\/a><\/div><\/div>\n\n\n\n<div id=\"section-g238caf\" class=\"wp-block-gutentor-e1 section-g238caf gutentor-element gutentor-element-advanced-text text-align-center-desktop text-align-center-mobile\"><div class=\"gutentor-text-wrap\"><a class=\"gutentor-element-advanced-text-link\" href=\"https:\/\/apefadal.es\/index.php\/coreografias\/\"><p class=\"gutentor-text\"><strong>Coreos<\/strong><\/p><\/a><\/div><\/div>\n<\/div><\/div>\n<\/div><\/div><\/section>\n\n\n\n\n\n<p><\/p>\n","protected":false},"excerpt":{"rendered":"","protected":false},"author":1,"featured_media":0,"parent":0,"menu_order":0,"comment_status":"closed","ping_status":"closed","template":"template-gutentor-full-width.php","meta":{"footnotes":""},"class_list":["post-6943","page","type-page","status-publish","hentry"],"_links":{"self":[{"href":"https:\/\/apefadal.es\/index.php\/wp-json\/wp\/v2\/pages\/6943","targetHints":{"allow":["GET"]}}],"collection":[{"href":"https:\/\/apefadal.es\/index.php\/wp-json\/wp\/v2\/pages"}],"about":[{"href":"https:\/\/apefadal.es\/index.php\/wp-json\/wp\/v2\/types\/page"}],"author":[{"embeddable":true,"href":"https:\/\/apefadal.es\/index.php\/wp-json\/wp\/v2\/users\/1"}],"replies":[{"embeddable":true,"href":"https:\/\/apefadal.es\/index.php\/wp-json\/wp\/v2\/comments?post=6943"}],"version-history":[{"count":214,"href":"https:\/\/apefadal.es\/index.php\/wp-json\/wp\/v2\/pages\/6943\/revisions"}],"predecessor-version":[{"id":8175,"href":"https:\/\/apefadal.es\/index.php\/wp-json\/wp\/v2\/pages\/6943\/revisions\/8175"}],"wp:attachment":[{"href":"https:\/\/apefadal.es\/index.php\/wp-json\/wp\/v2\/media?parent=6943"}],"curies":[{"name":"wp","href":"https:\/\/api.w.org\/{rel}","templated":true}]}}