{"id":364,"date":"2020-04-09T07:34:48","date_gmt":"2020-04-09T07:34:48","guid":{"rendered":"https:\/\/apefadal.es\/?page_id=364"},"modified":"2020-04-15T12:13:51","modified_gmt":"2020-04-15T12:13:51","slug":"10-kubb-y-molkky","status":"publish","type":"page","link":"https:\/\/apefadal.es\/index.php\/10-kubb-y-molkky\/","title":{"rendered":"10-Kubb y M\u00f6lkky"},"content":{"rendered":"\n<h1 class=\"has-text-align-center wp-block-heading\"><strong><strong>\u00abINICICIACI\u00d3N AL KUBB Y AL M\u00d6LKKY\u00bb &#8211; \u00abLOS DEPORTES EMERGENTES Y SU APLICACI\u00d3N ESCOLAR<\/strong><\/strong>\u00ab<\/h1>\n\n\n\n<figure class=\"wp-block-gallery aligncenter columns-1 is-cropped wp-block-gallery-1 is-layout-flex wp-block-gallery-is-layout-flex\"><ul class=\"blocks-gallery-grid\"><li class=\"blocks-gallery-item\"><figure><img loading=\"lazy\" decoding=\"async\" width=\"1024\" height=\"385\" src=\"https:\/\/apefadal.es\/wp-content\/uploads\/2020\/04\/kubb-y-molkky-1024x385.jpg\" alt=\"\" data-id=\"365\" data-full-url=\"https:\/\/apefadal.es\/wp-content\/uploads\/2020\/04\/kubb-y-molkky-scaled-e1586417295781.jpg\" data-link=\"https:\/\/apefadal.es\/?attachment_id=365\" class=\"wp-image-365\"\/><\/figure><\/li><\/ul><\/figure>\n\n\n\n<div class=\"wp-block-group has-pale-cyan-blue-background-color has-very-dark-gray-color has-text-color has-background\"><div class=\"wp-block-group__inner-container is-layout-flow wp-block-group-is-layout-flow\">\n<div class=\"wp-block-group\"><div class=\"wp-block-group__inner-container is-layout-flow wp-block-group-is-layout-flow\">\n<p class=\"has-text-align-center has-medium-font-size\"><strong>HORAS \/ CR\u00c9DITOS: <\/strong>10H \/ 1 CR\u00c9DITO<\/p>\n\n\n\n<p class=\"has-text-align-center has-medium-font-size\"><strong>MODALIDAD: <\/strong>PRESENCIAL &#8211; V\u00c1LIDO PARA SEXENIOS<\/p>\n\n\n\n<p class=\"has-text-align-center has-medium-font-size\"><strong>FECHAS DE ACTIVIDAD:<\/strong>  Asiste a 2 de las siguientes actividades&nbsp;de 0\u00b45 cr\u00e9ditos:<\/p>\n\n\n\n<p class=\"has-text-align-center\">&#8211;<strong>8 de marzo<\/strong>&nbsp;en Getafe. Iniciaci\u00f3n al M\u00f6lkky. De 10 a 14h.<\/p>\n\n\n\n<p class=\"has-text-align-center\">&#8211;<strong>28 de marzo<\/strong>&nbsp;en Legan\u00e9s. Iniciaci\u00f3n al Kubb y al M\u00f6lkky. De 10 a 14h.&nbsp;<\/p>\n\n\n\n<p class=\"has-text-align-center\">&#8211;<strong>26 de abril<\/strong>&nbsp;en Getafe. Iniciaci\u00f3n al Kubb y al M\u00f6lkky. De 10 a 14h.&nbsp;<\/p>\n\n\n\n<p class=\"has-text-align-center has-medium-font-size\"><strong>PRECIO:<\/strong> Actividades subvencionadas.&nbsp;<\/p>\n<\/div><\/div>\n<\/div><\/div>\n\n\n\n<p style=\"background-color:#14205c\" class=\"has-text-color has-background has-text-align-center has-medium-font-size has-luminous-vivid-orange-color\"><a href=\"https:\/\/forms.gle\/oa1ue2pf1rgEVZP8A\">FORMULARIO DE INSCRIPCI\u00d3N 8 de marzo<\/a><\/p>\n\n\n\n<p style=\"background-color:#14205c\" class=\"has-text-color has-background has-text-align-center has-medium-font-size has-luminous-vivid-orange-color\"><a href=\"https:\/\/forms.gle\/bWHo4VNhcDarQk6x6\">FORMULARIO DE INSCRIPCI\u00d3N 28 de marzo<\/a><\/p>\n\n\n\n<p style=\"background-color:#14205c\" class=\"has-text-color has-background has-text-align-center has-medium-font-size has-luminous-vivid-orange-color\"><a href=\"https:\/\/forms.gle\/Nphm9DzLWgXAChB88\">FORMULARIO DE INSCRIPCI\u00d3N 26 de abril<\/a><\/p>\n\n\n\n<hr class=\"wp-block-separator\"\/>\n\n\n\n<p style=\"background-color:#14205c\" class=\"has-text-color has-background has-text-align-center has-medium-font-size has-luminous-vivid-orange-color\"><a href=\"https:\/\/apefadal.es\/index.php\/normas-cursos\/\">CONSULTA NUESTRA NORMATIVA<\/a><\/p>\n\n\n\n<p style=\"background-color:#14205c\" class=\"has-text-color has-background has-text-align-center has-medium-font-size has-luminous-vivid-orange-color\"><a href=\"https:\/\/apefadal.es\/index.php\/certificados\/\">INFORMACI\u00d3N DE CERTIFICADOS<\/a><\/p>\n","protected":false},"excerpt":{"rendered":"<p>\u00abINICICIACI\u00d3N AL KUBB Y AL M\u00d6LKKY\u00bb &#8211; \u00abLOS DEPORTES EMERGENTES Y SU APLICACI\u00d3N ESCOLAR\u00ab HORAS \/ CR\u00c9DITOS: 10H \/ 1 CR\u00c9DITO MODALIDAD: PRESENCIAL &#8211; V\u00c1LIDO PARA SEXENIOS FECHAS DE ACTIVIDAD: Asiste a 2 de las siguientes actividades&nbsp;de 0\u00b45 cr\u00e9ditos: &#8211;8 de marzo&nbsp;en Getafe. Iniciaci\u00f3n al M\u00f6lkky. De 10 a 14h. &#8211;28 de marzo&nbsp;en Legan\u00e9s. Iniciaci\u00f3n&hellip;<\/p>\n","protected":false},"author":1,"featured_media":0,"parent":0,"menu_order":0,"comment_status":"closed","ping_status":"closed","template":"","meta":{"footnotes":""},"class_list":["post-364","page","type-page","status-publish","hentry"],"_links":{"self":[{"href":"https:\/\/apefadal.es\/index.php\/wp-json\/wp\/v2\/pages\/364","targetHints":{"allow":["GET"]}}],"collection":[{"href":"https:\/\/apefadal.es\/index.php\/wp-json\/wp\/v2\/pages"}],"about":[{"href":"https:\/\/apefadal.es\/index.php\/wp-json\/wp\/v2\/types\/page"}],"author":[{"embeddable":true,"href":"https:\/\/apefadal.es\/index.php\/wp-json\/wp\/v2\/users\/1"}],"replies":[{"embeddable":true,"href":"https:\/\/apefadal.es\/index.php\/wp-json\/wp\/v2\/comments?post=364"}],"version-history":[{"count":2,"href":"https:\/\/apefadal.es\/index.php\/wp-json\/wp\/v2\/pages\/364\/revisions"}],"predecessor-version":[{"id":670,"href":"https:\/\/apefadal.es\/index.php\/wp-json\/wp\/v2\/pages\/364\/revisions\/670"}],"wp:attachment":[{"href":"https:\/\/apefadal.es\/index.php\/wp-json\/wp\/v2\/media?parent=364"}],"curies":[{"name":"wp","href":"https:\/\/api.w.org\/{rel}","templated":true}]}}