{"id":361,"date":"2020-04-09T07:20:46","date_gmt":"2020-04-09T07:20:46","guid":{"rendered":"https:\/\/apefadal.es\/?page_id=361"},"modified":"2020-04-15T12:12:46","modified_gmt":"2020-04-15T12:12:46","slug":"9-medio-natural","status":"publish","type":"page","link":"https:\/\/apefadal.es\/index.php\/9-medio-natural\/","title":{"rendered":"9-Medio Natural"},"content":{"rendered":"\n<h1 class=\"has-text-align-center wp-block-heading\"><strong>\u00ab<strong>ACTIVIDADES F\u00cdSICO-RECREATIVAS EN EL MEDIO NATURAL<\/strong>\u201d<\/strong><\/h1>\n\n\n\n<figure class=\"wp-block-gallery aligncenter columns-1 is-cropped wp-block-gallery-1 is-layout-flex wp-block-gallery-is-layout-flex\"><ul class=\"blocks-gallery-grid\"><li class=\"blocks-gallery-item\"><figure><img loading=\"lazy\" decoding=\"async\" width=\"1024\" height=\"206\" src=\"https:\/\/apefadal.es\/wp-content\/uploads\/2020\/04\/DSC_0144-1024x206.jpg\" alt=\"\" data-id=\"362\" data-full-url=\"https:\/\/apefadal.es\/wp-content\/uploads\/2020\/04\/DSC_0144-scaled.jpg\" data-link=\"https:\/\/apefadal.es\/?attachment_id=362\" class=\"wp-image-362\" srcset=\"https:\/\/apefadal.es\/wp-content\/uploads\/2020\/04\/DSC_0144-1024x206.jpg 1024w, https:\/\/apefadal.es\/wp-content\/uploads\/2020\/04\/DSC_0144-300x60.jpg 300w, https:\/\/apefadal.es\/wp-content\/uploads\/2020\/04\/DSC_0144-768x154.jpg 768w, https:\/\/apefadal.es\/wp-content\/uploads\/2020\/04\/DSC_0144-1536x308.jpg 1536w, https:\/\/apefadal.es\/wp-content\/uploads\/2020\/04\/DSC_0144-2048x411.jpg 2048w\" sizes=\"auto, (max-width: 1024px) 100vw, 1024px\" \/><\/figure><\/li><\/ul><\/figure>\n\n\n\n<div class=\"wp-block-group has-pale-cyan-blue-background-color has-very-dark-gray-color has-text-color has-background\"><div class=\"wp-block-group__inner-container is-layout-flow wp-block-group-is-layout-flow\">\n<div class=\"wp-block-group\"><div class=\"wp-block-group__inner-container is-layout-flow wp-block-group-is-layout-flow\">\n<p class=\"has-text-align-center has-medium-font-size\"><strong>HORAS \/ CR\u00c9DITOS: <\/strong>20H \/ 2 CR\u00c9DITOS<\/p>\n\n\n\n<p class=\"has-text-align-center has-medium-font-size\"><strong>MODALIDAD: <\/strong>PRESENCIAL &#8211; V\u00c1LIDO PARA SEXENIOS<\/p>\n\n\n\n<p class=\"has-text-align-center has-medium-font-size\"><strong>FECHAS, HORARIO Y LUGAR:<\/strong>  El 25 y 27 de mayo de 17 a 20h en Centro Joven 14-30, s\u00e1bado 30 de 10 a 14h y de 16 a 20h y domingo 31 de 10 a 14h en Albergue de juventud de CercedillaAPLAZADO (pendiente de nueva fecha)<\/p>\n\n\n\n<p class=\"has-text-align-center has-medium-font-size\"><strong>PRECIO:<\/strong> Actividad SUBVENCIONADA por JUVENTUD de la Comunidad de Madrid. Hay que inscribirse tambi\u00e9n en Juventud<strong> (doble inscripci\u00f3n)<\/strong><\/p>\n<\/div><\/div>\n<\/div><\/div>\n\n\n\n<p style=\"background-color:#14205c\" class=\"has-text-color has-background has-text-align-center has-medium-font-size has-luminous-vivid-orange-color\"><a href=\"https:\/\/forms.gle\/peqyusACjv33Q7vQ7\">FORMULARIO DE INSCRIPCI\u00d3N ADAL<\/a><\/p>\n\n\n\n<p style=\"background-color:#14205c\" class=\"has-text-color has-background has-text-align-center has-medium-font-size has-luminous-vivid-orange-color\"><a href=\"https:\/\/www.comunidad.madrid\/actividades\/2020\/actividades-fisico-recreativas-medio-natural\">FORMULARIO DE INSCRIPCI\u00d3N JUVENTUD<\/a><\/p>\n\n\n\n<p class=\"has-text-align-center has-medium-font-size\"><strong>OBJETIVOS:<\/strong><\/p>\n\n\n\n<div class=\"wp-block-group has-pale-cyan-blue-background-color has-very-dark-gray-color has-text-color has-background\"><div class=\"wp-block-group__inner-container is-layout-flow wp-block-group-is-layout-flow\">\n<div class=\"wp-block-group\"><div class=\"wp-block-group__inner-container is-layout-flow wp-block-group-is-layout-flow\">\n<figure class=\"wp-block-table\"><table><tbody><tr><td>1.&nbsp;&nbsp;&nbsp;&nbsp;&nbsp;&nbsp; Reconocer el medio natural para disfrutarlo respetuosamente.<br>2.&nbsp;&nbsp;&nbsp;&nbsp;&nbsp;&nbsp; Ampliar el abanico de juegos y experiencias f\u00edsico-recreativas para la dinamizaci\u00f3n de grupos en el medio natural.<br>3.&nbsp;&nbsp;&nbsp;&nbsp;&nbsp;&nbsp; Entender las diferencias, en cuanto al desarrollo de actividades de ocio y tiempo libre, en el medio urbano y el natural.<br>4.&nbsp;&nbsp;&nbsp;&nbsp;&nbsp;&nbsp; Dar unos conocimientos b\u00e1sicos de actividades f\u00edsicas l\u00fadicas-recreativas, para su posterior aplicaci\u00f3n en el empleo del Tiempo Libre.<br>5.&nbsp;&nbsp;&nbsp;&nbsp;&nbsp;&nbsp; Ampliar el abanico de juegos que conoce el profesorado para trabajar din\u00e1micas de colaboraci\u00f3n-oposici\u00f3n y cooperaci\u00f3n.<br>6.&nbsp;&nbsp;&nbsp;&nbsp;&nbsp;&nbsp; Conocer nuevos instrumentos para trabajar la Coeducaci\u00f3n en las actividades f\u00edsicas l\u00fadico-recreativas.            &nbsp;   <\/td><\/tr><\/tbody><\/table><\/figure>\n<\/div><\/div>\n<\/div><\/div>\n\n\n\n<p class=\"has-text-align-center has-medium-font-size\"><strong>CONTENIDOS:<\/strong><\/p>\n\n\n\n<div class=\"wp-block-group has-pale-cyan-blue-background-color has-very-dark-gray-color has-text-color has-background\"><div class=\"wp-block-group__inner-container is-layout-flow wp-block-group-is-layout-flow\">\n<figure class=\"wp-block-table\"><table><tbody><tr><td>1.&nbsp;&nbsp;&nbsp;&nbsp;&nbsp;&nbsp; Desarrollo de la inteligencia espacial en el medio natural. Fundamentos b\u00e1sicos de orientaci\u00f3n y sus aplicaciones en el medio urbano.<br>2.&nbsp;&nbsp;&nbsp;&nbsp;&nbsp;&nbsp; Juegos con material elaborado in situ por los participantes.<br>3.&nbsp;&nbsp;&nbsp;&nbsp;&nbsp;&nbsp; Juegos colectivos para practicar en parques. (Roundnet y Tchoukball)<br>4.&nbsp;&nbsp;&nbsp;&nbsp;&nbsp;&nbsp; La Bipedestaci\u00f3n y la Marcha humana. Juegos de equilibrio (Slackline).<br>5.&nbsp;&nbsp;&nbsp;&nbsp;&nbsp;&nbsp; Juegos tradicionales de precisi\u00f3n y estrategia. Pita, Bolillos, Ajedrez vikingo y Bolo Finland\u00e9s.<br>Selecci\u00f3n de itinerarios en el medio natural y sus aplicaciones en el medio urbano.<\/td><\/tr><\/tbody><\/table><\/figure>\n<\/div><\/div>\n\n\n\n<p class=\"has-text-align-center has-medium-font-size\"><strong>METODOLOG\u00cdA:<\/strong><\/p>\n\n\n\n<div class=\"wp-block-group has-pale-cyan-blue-background-color has-very-dark-gray-color has-text-color has-background\"><div class=\"wp-block-group__inner-container is-layout-flow wp-block-group-is-layout-flow\">\n<figure class=\"wp-block-table\"><table><tbody><tr><td>Desde el punto de vista de las racionalidades vamos a desarrollar las sesiones con una marcada racionalidad pr\u00e1ctica. Trataremos de utilizar y potenciar la teor\u00eda deliberativa dentro del marco del paradigma cr\u00edtico. Partiendo de una base te\u00f3rico-explicativa, se pondr\u00e1n en pr\u00e1ctica los contenidos de forma l\u00fadica y participativa, buscando la consecuci\u00f3n de los objetivos mediante la participaci\u00f3n, la creatividad, las puestas en com\u00fan y el trabajo en grupo.<br><br>El trabajo en las distintas modalidades, nos llevar\u00e1 desde la observaci\u00f3n, a la adaptaci\u00f3n de los distintos implementos, se utilizar\u00e1 para ello, una metodolog\u00eda que plantee fundamentalmente situaciones de aprendizaje por descubrimiento (m\u00e1s o menos guiado dependiendo de la dificultad de la tarea), hasta llegar al conocimiento de cada modalidad presentada, as\u00ed como su aplicaci\u00f3n para el tiempo libre y de ocio. &nbsp;   <\/td><\/tr><\/tbody><\/table><\/figure>\n<\/div><\/div>\n\n\n\n<p class=\"has-text-align-center has-medium-font-size\"><strong>PONENTES:<\/strong><\/p>\n\n\n\n<div class=\"wp-block-group has-pale-cyan-blue-background-color has-very-dark-gray-color has-text-color has-background\"><div class=\"wp-block-group__inner-container is-layout-flow wp-block-group-is-layout-flow\">\n<figure class=\"wp-block-table\"><table><tbody><tr><td><strong>Mart\u00ednez Colmenarejo, Daniel. <\/strong><br>Licenciado en Ciencias de la Actividad F\u00edsica y el Deporte, COLEGIADO: 58794. Especialista en innovaci\u00f3n educativa: Selecci\u00f3n y tratamiento de nuevos contenidos en Educaci\u00f3n F\u00edsica.<\/td><\/tr><\/tbody><\/table><\/figure>\n<\/div><\/div>\n\n\n\n<p style=\"background-color:#14205c\" class=\"has-text-color has-background has-text-align-center has-medium-font-size has-luminous-vivid-orange-color\">14205c<a href=\"https:\/\/apefadal.es\/index.php\/normas-cursos\/\">CONSULTA NUESTRA NORMATIVA<\/a><\/p>\n\n\n\n<p style=\"background-color:#14205c\" class=\"has-text-color has-background has-text-align-center has-medium-font-size has-luminous-vivid-orange-color\"><a href=\"https:\/\/apefadal.es\/index.php\/certificados\/\">INFORMACI\u00d3N DE CERTIFICADOS<\/a><\/p>\n\n\n\n<hr class=\"wp-block-separator\"\/>\n\n\n\n<p style=\"background-color:#14205c\" class=\"has-text-color has-background has-text-align-center has-medium-font-size has-luminous-vivid-orange-color\"><a href=\"https:\/\/www.comunidad.madrid\/actividades\/2020\/actividades-fisico-recreativas-medio-natural\">FORMULARIO DE INSCRIPCI\u00d3N JUVENTUD<\/a><\/p>\n\n\n\n<p style=\"background-color:#14205c\" class=\"has-text-color has-background has-text-align-center has-medium-font-size has-luminous-vivid-orange-color\"><a href=\"https:\/\/forms.gle\/peqyusACjv33Q7vQ7\">FORMULARIO DE INSCRIPCI\u00d3N<\/a><\/p>\n","protected":false},"excerpt":{"rendered":"<p>\u00abACTIVIDADES F\u00cdSICO-RECREATIVAS EN EL MEDIO NATURAL\u201d HORAS \/ CR\u00c9DITOS: 20H \/ 2 CR\u00c9DITOS MODALIDAD: PRESENCIAL &#8211; V\u00c1LIDO PARA SEXENIOS FECHAS, HORARIO Y LUGAR: El 25 y 27 de mayo de 17 a 20h en Centro Joven 14-30, s\u00e1bado 30 de 10 a 14h y de 16 a 20h y domingo 31 de 10 a 14h&hellip;<\/p>\n","protected":false},"author":1,"featured_media":0,"parent":0,"menu_order":0,"comment_status":"closed","ping_status":"closed","template":"","meta":{"footnotes":""},"class_list":["post-361","page","type-page","status-publish","hentry"],"_links":{"self":[{"href":"https:\/\/apefadal.es\/index.php\/wp-json\/wp\/v2\/pages\/361","targetHints":{"allow":["GET"]}}],"collection":[{"href":"https:\/\/apefadal.es\/index.php\/wp-json\/wp\/v2\/pages"}],"about":[{"href":"https:\/\/apefadal.es\/index.php\/wp-json\/wp\/v2\/types\/page"}],"author":[{"embeddable":true,"href":"https:\/\/apefadal.es\/index.php\/wp-json\/wp\/v2\/users\/1"}],"replies":[{"embeddable":true,"href":"https:\/\/apefadal.es\/index.php\/wp-json\/wp\/v2\/comments?post=361"}],"version-history":[{"count":2,"href":"https:\/\/apefadal.es\/index.php\/wp-json\/wp\/v2\/pages\/361\/revisions"}],"predecessor-version":[{"id":669,"href":"https:\/\/apefadal.es\/index.php\/wp-json\/wp\/v2\/pages\/361\/revisions\/669"}],"wp:attachment":[{"href":"https:\/\/apefadal.es\/index.php\/wp-json\/wp\/v2\/media?parent=361"}],"curies":[{"name":"wp","href":"https:\/\/api.w.org\/{rel}","templated":true}]}}