{"id":325,"date":"2020-04-08T10:48:51","date_gmt":"2020-04-08T10:48:51","guid":{"rendered":"https:\/\/apefadal.es\/?page_id=325"},"modified":"2021-04-15T07:32:46","modified_gmt":"2021-04-15T07:32:46","slug":"3-escobas-voladoras","status":"publish","type":"page","link":"https:\/\/apefadal.es\/index.php\/3-escobas-voladoras\/","title":{"rendered":"3-DEPORTE ALTERNATIVO M\u00c1GICO CON ESCOBAS VOLADORAS"},"content":{"rendered":"\n<h1 class=\"has-text-align-center wp-block-heading\"><strong>\u00abDEPORTE ALTERNATIVO M\u00c1GICO CON ESCOBAS VOLADORAS\u201d<\/strong><\/h1>\n\n\n\n<div class=\"wp-block-group has-very-dark-gray-color has-pale-cyan-blue-background-color has-text-color has-background\"><div class=\"wp-block-group__inner-container is-layout-flow wp-block-group-is-layout-flow\">\n<div class=\"wp-block-group\"><div class=\"wp-block-group__inner-container is-layout-flow wp-block-group-is-layout-flow\">\n<p class=\"has-text-align-center has-medium-font-size\"><strong>HORAS \/ CR\u00c9DITOS: <\/strong>10H \/ 1 CR\u00c9DITO<\/p>\n\n\n\n<p class=\"has-text-align-center has-medium-font-size\"><strong>MODALIDAD: <\/strong>PRESENCIAL &#8211; V\u00c1LIDO PARA SEXENIOS<\/p>\n\n\n\n<p class=\"has-text-align-center has-medium-font-size\"><strong>FECHA COMIENZO ACTIVIDAD:<\/strong>  APLAZADO (pendiente de nueva fecha)<\/p>\n\n\n\n<p class=\"has-text-align-center has-medium-font-size\"><strong>FECHA FIN ACTIVIDAD:<\/strong> APLAZADO (pendiente de nueva fecha)<\/p>\n\n\n\n<p class=\"has-text-align-center has-medium-font-size\"><strong>LUGAR DE REALIZACI\u00d3N:<\/strong> Pendiente de confirmaci\u00f3n.<\/p>\n\n\n\n<p class=\"has-text-align-center has-medium-font-size\"><strong>HORARIO:<\/strong> 1 s\u00e1bado de 10 a 14h y de 15:30 a 19:30h<\/p>\n\n\n\n<p class=\"has-text-align-center has-medium-font-size\"><strong>PRECIO:<\/strong> Asociad@s 10,06 \u20acuros, Nuevos soci@s* 15\u00b406 \u20acuros \u00a0y \u00a0no asociad@s 25\u00b406 \u20acuros.\u00a0<\/p>\n\n\n\n<p class=\"has-text-align-center\">Asociaci\u00f3n de Profesorado \u201cADAL\u201d C\u00f3digo cuenta&nbsp;Bankia:&nbsp;ES03&nbsp;2038 1179 4460 0054 4748<\/p>\n<\/div><\/div>\n<\/div><\/div>\n\n\n\n<p class=\"has-text-align-center has-luminous-vivid-orange-color has-text-color has-background has-medium-font-size\" style=\"background-color:#14205c\">FORMULARIO DE INSCRIPCI\u00d3N<\/p>\n\n\n\n<p class=\"has-text-align-center has-medium-font-size\"><strong>OBJETIVOS:<\/strong><\/p>\n\n\n\n<div class=\"wp-block-group has-very-dark-gray-color has-pale-cyan-blue-background-color has-text-color has-background\"><div class=\"wp-block-group__inner-container is-layout-flow wp-block-group-is-layout-flow\">\n<div class=\"wp-block-group\"><div class=\"wp-block-group__inner-container is-layout-flow wp-block-group-is-layout-flow\">\n<figure class=\"wp-block-table\"><table><tbody><tr><td>&#8211;&nbsp;&nbsp;&nbsp;&nbsp;&nbsp;&nbsp; Conocer e interiorizar su reglamento.<br>&#8211;&nbsp;&nbsp;&nbsp;&nbsp;&nbsp;&nbsp; Familiarizarse con los diferentes materiales a utilizar.<br>&#8211;&nbsp;&nbsp;&nbsp;&nbsp;&nbsp;&nbsp; Practicar diferentes variantes para llegar al juego final.<br>&#8211;&nbsp;&nbsp;&nbsp;&nbsp;&nbsp;&nbsp; Saber el objetivo y la funci\u00f3n que tiene cada rol dentro de su equipo.<br>&#8211;&nbsp;&nbsp;&nbsp;&nbsp;&nbsp;&nbsp; Iniciarse en la pr\u00e1ctica del DEPORTE ALTERNATIVO M\u00c1GICO CON ESCOBAS VOLADORAS y sus diferentes variantes.<br>&#8211;&nbsp;&nbsp;&nbsp;&nbsp;&nbsp;&nbsp; Valorar y aceptar este deporte como contenido a formar parte de nuestra programaci\u00f3n de Educaci\u00f3n F\u00edsica.                  &nbsp;   <\/td><\/tr><\/tbody><\/table><\/figure>\n<\/div><\/div>\n<\/div><\/div>\n\n\n\n<p class=\"has-text-align-center has-medium-font-size\"><strong>CONTENIDOS:<\/strong><\/p>\n\n\n\n<div class=\"wp-block-group has-very-dark-gray-color has-pale-cyan-blue-background-color has-text-color has-background\"><div class=\"wp-block-group__inner-container is-layout-flow wp-block-group-is-layout-flow\">\n<figure class=\"wp-block-table\"><table><tbody><tr><td>&#8211;&nbsp;&nbsp;&nbsp;&nbsp;&nbsp;&nbsp; Conocimiento del origen del DEPORTE ALTERNATIVO M\u00c1GICO CON ESCOBAS VOLADORAS.<br>&#8211;&nbsp;&nbsp;&nbsp;&nbsp;&nbsp;&nbsp; Uso y dominio de los t\u00e9rminos espec\u00edficos y caracter\u00edsticos que tienen los jugadores, las pelotas, las casas y otros materiales.<br>&#8211;&nbsp;&nbsp;&nbsp;&nbsp;&nbsp;&nbsp; Iniciaci\u00f3n a los juegos de rol en Educaci\u00f3n F\u00edsica a trav\u00e9s del DEPORTE ALTERNATIVO M\u00c1GICO CON ESCOBAS VOLADORAS.<br>&#8211;&nbsp;&nbsp;&nbsp;&nbsp;&nbsp;&nbsp; Realizaci\u00f3n de una progresi\u00f3n de actividades l\u00fadicas en funci\u00f3n de los diferentes roles del DEPORTE ALTERNATIVO M\u00c1GICO CON ESCOBAS VOLADORAS.<br>&#8211;&nbsp;&nbsp;&nbsp;&nbsp;&nbsp;&nbsp; Conciencia, control y ejecuci\u00f3n del movimiento adapt\u00e1ndose a su rol en el juego.<br>&#8211;&nbsp;&nbsp;&nbsp;&nbsp;&nbsp;&nbsp; Iniciaci\u00f3n al DEPORTE ALTERNATIVO M\u00c1GICO CON ESCOBAS VOLADORAS.<br>&#8211;&nbsp;&nbsp;&nbsp;&nbsp;&nbsp;&nbsp; Desarrollo y puesta en pr\u00e1ctica de diferentes propuestas o variantes del resultado final.<br>&#8211;&nbsp;&nbsp;&nbsp;&nbsp;&nbsp;&nbsp; Identificaci\u00f3n de los valores que fomenta esta modalidad l\u00fadico deportiva como el juego limpio, respeto a las reglas o el af\u00e1n de superaci\u00f3n.             &nbsp;   <\/td><\/tr><\/tbody><\/table><\/figure>\n<\/div><\/div>\n\n\n\n<p class=\"has-text-align-center has-medium-font-size\"><strong>METODOLOG\u00cdA:<\/strong><\/p>\n\n\n\n<div class=\"wp-block-group has-very-dark-gray-color has-pale-cyan-blue-background-color has-text-color has-background\"><div class=\"wp-block-group__inner-container is-layout-flow wp-block-group-is-layout-flow\">\n<figure class=\"wp-block-table\"><table><tbody><tr><td>La ambientaci\u00f3n de esta Propuesta de Aprendizaje tiene una influencia notable en la metodolog\u00eda.<br>&nbsp;<br>El DEPORTE ALTERNATIVO M\u00c1GICO CON ESCOBAS VOLADORAS es un deporte complejo en el que se suceden diferentes acciones en funci\u00f3n de los roles de cada jugador. Por ello, aunque la estrategia en la pr\u00e1ctica ser\u00e1 mixta, la estructura inicial ser\u00e1 anal\u00edtica pura. Poco a poco iremos a\u00f1adiendo los diferentes roles, hasta llegar a fusionar todas las partes y roles en el \u00faltimo juego.<br>&nbsp;<br>En cuanto a los m\u00e9todos de ense\u00f1anza, utilizaremos fundamentalmente la resoluci\u00f3n de problemas y el descubrimiento guiado.   &nbsp;   <\/td><\/tr><\/tbody><\/table><\/figure>\n<\/div><\/div>\n\n\n\n<p class=\"has-text-align-center has-medium-font-size\"><strong>PONENTES:<\/strong><\/p>\n\n\n\n<div class=\"wp-block-group has-very-dark-gray-color has-pale-cyan-blue-background-color has-text-color has-background\"><div class=\"wp-block-group__inner-container is-layout-flow wp-block-group-is-layout-flow\">\n<figure class=\"wp-block-table\"><table><tbody><tr><td><strong>Del Fresno Camacho, Jose Antonio<br><\/strong>M\u00e1ster en direcci\u00f3n y evaluaci\u00f3n de centros educativos.<br>Ponente de cursos y jornadas sobre Educaci\u00f3n F\u00edsica en ADAL, CRIF Las Acacias, universidad de Castilla La Mancha y el blog de \u201cel valor de la E.F\u201d<strong><br>&nbsp;<br>Gonz\u00e1lez Notario, Marcos<br><\/strong>Master e inteligencias M\u00faltiples.<br>Coaching educativo.<br>Experto en educaci\u00f3n emocional.<br>Experto en did\u00e1ctica de la matem\u00e1ticas en educaci\u00f3n primaria.<br>Colaborador con la revista aula grao.<strong><br><\/strong><\/td><\/tr><\/tbody><\/table><\/figure>\n<\/div><\/div>\n\n\n\n<p class=\"has-text-align-center has-luminous-vivid-orange-color has-text-color has-background has-medium-font-size\" style=\"background-color:#14205c\"><a href=\"https:\/\/apefadal.es\/index.php\/normas-cursos\/\">CONSULTA NUESTRA NORMATIVA<\/a><\/p>\n\n\n\n<p class=\"has-text-align-center has-luminous-vivid-orange-color has-text-color has-background has-medium-font-size\" style=\"background-color:#14205c\"><a href=\"https:\/\/apefadal.es\/index.php\/certificados\/\">INFORMACI\u00d3N DE CERTIFICADOS<\/a><\/p>\n\n\n\n<p class=\"has-text-align-center has-luminous-vivid-orange-color has-text-color has-background has-medium-font-size\" style=\"background-color:#14205c\">FORMULARIO DE INSCRIPCI\u00d3N<\/p>\n","protected":false},"excerpt":{"rendered":"<p>\u00abDEPORTE ALTERNATIVO M\u00c1GICO CON ESCOBAS VOLADORAS\u201d HORAS \/ CR\u00c9DITOS: 10H \/ 1 CR\u00c9DITO MODALIDAD: PRESENCIAL &#8211; V\u00c1LIDO PARA SEXENIOS FECHA COMIENZO ACTIVIDAD: APLAZADO (pendiente de nueva fecha) FECHA FIN ACTIVIDAD: APLAZADO (pendiente de nueva fecha) LUGAR DE REALIZACI\u00d3N: Pendiente de confirmaci\u00f3n. HORARIO: 1 s\u00e1bado de 10 a 14h y de 15:30 a 19:30h PRECIO: Asociad@s&hellip;<\/p>\n","protected":false},"author":1,"featured_media":0,"parent":0,"menu_order":0,"comment_status":"closed","ping_status":"closed","template":"","meta":{"footnotes":""},"class_list":["post-325","page","type-page","status-publish","hentry"],"_links":{"self":[{"href":"https:\/\/apefadal.es\/index.php\/wp-json\/wp\/v2\/pages\/325","targetHints":{"allow":["GET"]}}],"collection":[{"href":"https:\/\/apefadal.es\/index.php\/wp-json\/wp\/v2\/pages"}],"about":[{"href":"https:\/\/apefadal.es\/index.php\/wp-json\/wp\/v2\/types\/page"}],"author":[{"embeddable":true,"href":"https:\/\/apefadal.es\/index.php\/wp-json\/wp\/v2\/users\/1"}],"replies":[{"embeddable":true,"href":"https:\/\/apefadal.es\/index.php\/wp-json\/wp\/v2\/comments?post=325"}],"version-history":[{"count":10,"href":"https:\/\/apefadal.es\/index.php\/wp-json\/wp\/v2\/pages\/325\/revisions"}],"predecessor-version":[{"id":1998,"href":"https:\/\/apefadal.es\/index.php\/wp-json\/wp\/v2\/pages\/325\/revisions\/1998"}],"wp:attachment":[{"href":"https:\/\/apefadal.es\/index.php\/wp-json\/wp\/v2\/media?parent=325"}],"curies":[{"name":"wp","href":"https:\/\/api.w.org\/{rel}","templated":true}]}}