{"id":289,"date":"2020-04-07T11:38:51","date_gmt":"2020-04-07T11:38:51","guid":{"rendered":"https:\/\/apefadal.es\/?page_id=289"},"modified":"2026-04-15T08:42:20","modified_gmt":"2026-04-15T08:42:20","slug":"asociacion-espanola-de-roundnet","status":"publish","type":"page","link":"https:\/\/apefadal.es\/index.php\/asociacion-espanola-de-roundnet\/","title":{"rendered":"Asociaci\u00f3n Espa\u00f1ola de Roundnet"},"content":{"rendered":"\n<section id=\"section-b3ab40f1-21d4-4fa0-bbc2-fb6a163612ac\" class=\"wp-block-gutentor-featured-block gutentor-section gutentor-featured-block featured-template1\"><div class=\"grid-container\"><div class=\"gutentor-grid-item-wrap\"><div class=\"gutentor-single-item\"><div class=\"grid-row\"><div class=\"grid-md-6\"><div class=\"gutentor-single-item-image-box\"><div class=\"gutentor-image-thumb\"><img loading=\"lazy\" decoding=\"async\" class=\"normal-image\" src=\"https:\/\/apefadal.es\/wp-content\/uploads\/2020\/04\/logo-AER-3-e1586255224354.jpg\" alt=\"\" height=\"409\" width=\"360\" \/><\/div><\/div><\/div><div class=\"grid-md-6\"><div class=\"gutentor-single-item-content\"><div class=\"gutentor-featured-content\"><h3 class=\"gutentor-single-item-title\">A.E.R.<\/h3><p class=\"gutentor-single-item-desc\">El 30 de marzo de 2017 ADAL, gracias a la iniciativa de Manuel Mart\u00ednez G\u00e1mez, ADAL impuls\u00f3 la creaci\u00f3n de la \u00abAsociaci\u00f3n Espa\u00f1ola de Roundnet\u00bb a trav\u00e9s de una sesi\u00f3n de formaci\u00f3n dentro de un curso oficial de ADAL en Legan\u00e9s (Madrid- Espa\u00f1a) con la participaci\u00f3n de 48 soci@s fundadores. Siendo Daniel Mart\u00ednez Colmenarejo su primer presidente.<br><br>Asociaci\u00f3n registrada en el Ministerio del Interior con el N\u00ba Nacional: 613718\u00a0\u00a0 \u00a0NIF G88018759\u00a0\u00a0\u00a0\u00a0<br>\u00a0\u00a0<br>Asociaci\u00f3n reconocida por la Asociaci\u00f3n Europea<a href=\"https:\/\/www.roundnet.eu\/\" data-type=\"URL\" data-id=\"https:\/\/www.roundnet.eu\/\" target=\"_blank\" rel=\"noreferrer noopener\"> EURA<\/a> e Internacional de Roundnet <a href=\"https:\/\/tournaments.spikeball.com\/pages\/recognized-roundnet-organizations\" target=\"_blank\" rel=\"noreferrer noopener\">SRA<\/a><br><br>Tenemos registrados m\u00e1s de 730 SOCI@S (24-09-2020). <br><br>En noviembre de 2021, la asamblea general, aprueba de forma un\u00e1nime la modificaci\u00f3n de la junta directiva con personas de toda Espa\u00f1a, tomando nuevos rumbos de desarrollo de forma independiente a ApefADAL. <br><br>Durante el \u00faltimo trimestre de 2022, la junta directiva decide desvincularse de FAEDA.<\/p><\/div><\/div><\/div><\/div><\/div><\/div><\/div><\/section>\n\n\n\n<section id=\"section-g-nw1811l\" class=\"wp-block-gutentor-social gutentor-section gutentor-social social-template1\"><div class=\"grid-container\"><div class=\"grid-row gutentor-grid-item-wrap\"><div class=\"gutentor-grid-column gutentor-social-item grid-lg-2m3 grid-md-3 grid-3\"><div class=\"gutentor-single-item gutentor-single-item-0\"><div class=\"gutentor-single-item-content\"><div class=\"gutentor-single-item-icon-box\"><a class=\"gutentor-social-icon\" href=\"https:\/\/www.facebook.com\/Kubbspain\/\" target=\"_blank\"><i class=\"fab fa-facebook-f\"><\/i><\/a><\/div><\/div><\/div><\/div><div class=\"gutentor-grid-column gutentor-social-item grid-lg-2m3 grid-md-3 grid-3\"><div class=\"gutentor-single-item gutentor-single-item-1\"><div class=\"gutentor-single-item-content\"><div class=\"gutentor-single-item-icon-box\"><a class=\"gutentor-social-icon\" href=\"https:\/\/www.youtube.com\/watch?v=vgPIekGb88M&amp;list=PLHA1Z7Ms1D_kl6QHPOH9FSILwRBbnP2Iq\" target=\"_blank\"><i class=\"fab fa-youtube\"><\/i><\/a><\/div><\/div><\/div><\/div><div class=\"gutentor-grid-column gutentor-social-item grid-lg-2m3 grid-md-3 grid-3\"><div class=\"gutentor-single-item gutentor-single-item-2\"><div class=\"gutentor-single-item-content\"><div class=\"gutentor-single-item-icon-box\"><a class=\"gutentor-social-icon\" href=\"https:\/\/www.instagram.com\/kubb_spain\/\" target=\"_blank\"><i class=\"fab fa-instagram\"><\/i><\/a><\/div><\/div><\/div><\/div><div class=\"gutentor-grid-column gutentor-social-item grid-lg-2m3 grid-md-3 grid-3\"><div class=\"gutentor-single-item gutentor-single-item-3\"><div class=\"gutentor-single-item-content\"><div class=\"gutentor-single-item-icon-box\"><a class=\"gutentor-social-icon\" href=\"https:\/\/whatsapp.com\/channel\/0029VbAt10hGU3BRipJflB3t\" target=\"_blank\"><i class=\"fab fa-whatsapp\"><\/i><\/a><\/div><\/div><\/div><\/div><div class=\"gutentor-grid-column gutentor-social-item grid-lg-2m3 grid-md-3 grid-3\"><div class=\"gutentor-single-item gutentor-single-item-4\"><div class=\"gutentor-single-item-content\"><div class=\"gutentor-single-item-icon-box\"><a class=\"gutentor-social-icon\" href=\"https:\/\/twitter.com\/a_e_roundnet?lang=es\" target=\"_blank\"><i class=\"fab fa-twitter\"><\/i><\/a><\/div><\/div><\/div><\/div><\/div><\/div><\/section>\n\n\n\n<div id=\"section-gdca035\" class=\"wp-block-gutentor-e2 section-gdca035 gutentor-element gutentor-element-button button-align-center-desktop\"><span class=\"gutentor-button-wrap\"><a class=\"gutentor-button gutentor-block-button gutentor-icon-hide\" href=\"https:\/\/roundnetspain.org\/\"><i class=\"gutentor-button-icon fas fa-book\"><\/i><span>P\u00e1gina web de la Asociaci\u00f3n Espa\u00f1ola de Roundnet<\/span><\/a><\/span><\/div>\n\n\n\n<div id=\"section-gd3b234\" class=\"wp-block-gutentor-e2 section-gd3b234 gutentor-element gutentor-element-button button-align-center-desktop\"><span class=\"gutentor-button-wrap\"><a class=\"gutentor-button gutentor-block-button gutentor-icon-hide\" href=\"https:\/\/docs.google.com\/forms\/d\/e\/1FAIpQLSdyrZOvzzvG9xNknCfzQV0BqbxP3GYbZxun4-eemMusvqRW7w\/viewform\"><i class=\"gutentor-button-icon fas fa-book\"><\/i><span>Formulario para Asociarse a la AER<\/span><\/a><\/span><\/div>\n\n\n\n<hr class=\"wp-block-separator has-css-opacity\"\/>\n\n\n\n<h2 class=\"wp-block-heading has-text-align-center\" id=\"miembros-de\">Miembros de:<\/h2>\n\n\n\n<hr class=\"wp-block-separator has-text-color has-white-color has-css-opacity has-white-background-color has-background is-style-dots\"\/>\n\n\n\n<section id=\"gm8b01af3\" class=\"wp-block-gutentor-m10 section-gm8b01af3 gutentor-module g-gm-module\"><div class=\"grid-container\"><div class=\"grid-row g-gm-item-wrap\">\n<div id=\"col-gm7668b2\" class=\"wp-block-gutentor-m10-col col-gm7668b2 gutentor-module g-gm-col grid-lg-4 grid-md-4 grid-12\"><div id=\"section-gm7668b2\" class=\"section-gm7668b2 gutentor-single-col\">\n<div id=\"section-g205db0\" class=\"wp-block-gutentor-e6 section-g205db0 gutentor-element gutentor-element-image\"><div class=\"gutentor-element-image-box\"><a class=\"gutentor-element-image-link\" href=\"https:\/\/www.roundnetfederation.org\/\" target=\"_blank\" rel=\"noopener noreferrer\"><div class=\"gutentor-image-thumb\"><img decoding=\"async\" class=\"normal-image\" src=\"https:\/\/apefadal.es\/wp-content\/uploads\/2021\/04\/irf-logo-full-300x94.png\" \/><\/div><\/a><\/div><\/div>\n<\/div><\/div>\n\n\n\n<div id=\"col-gm65d84b\" class=\"wp-block-gutentor-m10-col col-gm65d84b gutentor-module g-gm-col grid-lg-4 grid-md-4 grid-12\"><div id=\"section-gm65d84b\" class=\"section-gm65d84b gutentor-single-col\">\n<div id=\"section-gbe4777\" class=\"wp-block-gutentor-e6 section-gbe4777 gutentor-element gutentor-element-image\"><div class=\"gutentor-element-image-box\"><a class=\"gutentor-element-image-link\" href=\"https:\/\/www.roundnet.eu\/communities\" target=\"_blank\" rel=\"noopener noreferrer\"><div class=\"gutentor-image-thumb\"><img decoding=\"async\" class=\"normal-image\" src=\"https:\/\/apefadal.es\/wp-content\/uploads\/2021\/04\/descarga.png\" \/><\/div><\/a><\/div><\/div>\n<\/div><\/div>\n\n\n\n<div id=\"col-gmebf07a\" class=\"wp-block-gutentor-m10-col col-gmebf07a gutentor-module g-gm-col grid-lg-4 grid-md-4 grid-12\"><div id=\"section-gmebf07a\" class=\"section-gmebf07a gutentor-single-col\">\n<div id=\"section-gfc03d2\" class=\"wp-block-gutentor-e6 section-gfc03d2 gutentor-element gutentor-element-image\"><div class=\"gutentor-element-image-box\"><a class=\"gutentor-element-image-link\" href=\"https:\/\/tournaments.spikeball.com\/pages\/spikeball-ambassador-organizations\" target=\"_blank\" rel=\"noopener noreferrer\"><div class=\"gutentor-image-thumb\"><img decoding=\"async\" class=\"normal-image\" src=\"https:\/\/apefadal.es\/wp-content\/uploads\/2021\/04\/spikeball-roundnet-asociation.png\" \/><\/div><\/a><\/div><\/div>\n<\/div><\/div>\n<\/div><\/div><\/section>\n\n\n\n<hr class=\"wp-block-separator has-css-opacity\"\/>\n\n\n<section class=\"gutentor-section gutentor-blog-post-wrapper blog-template1 wp-block-gutentor-blog-post\" id=\"section-678ec946-453c-40d9-88c3-387babbd87f0\">\n<div class='grid-container'><div class=\"gutentor-block-header\"><\/div><div class='gutentor-grid-item-wrap '><div class='grid-row '><article class='gutentor-post-has-thumb  grid-md-4 grid-sm-4 grid-xs-12 blog-grid'><div class=\"gutentor-single-item\"><div class=\"gutentor-single-item-image-box\"><div class=\"gutentor-image-thumb\"><img loading=\"lazy\" decoding=\"async\" width=\"430\" height=\"621\" src=\"https:\/\/apefadal.es\/wp-content\/uploads\/2023\/01\/socios-AER-2023.jpg\" class=\"attachment- size- wp-post-image\" alt=\"\" \/><\/div><\/div><div class=\"gutentor-post-content\"><h3 class=\"gutentor-single-item-title\"><a href=\"https:\/\/apefadal.es\/index.php\/2023\/01\/19\/nuevas-condiciones-para-asociados-de-la-aer-para-2023\/\" rel=\"bookmark\">Nuevas condiciones de la A.E.R. para 2023<\/a><\/h3><div class=\"entry-meta\"><\/div><a class=\"gutentor-button gutentor-single-item-button gutentor-icon-hide\" href=\"https:\/\/apefadal.es\/index.php\/2023\/01\/19\/nuevas-condiciones-para-asociados-de-la-aer-para-2023\/\"><i class=\"gutentor-button-icon fas fa-book\"><\/i><span>Leer M\u00e1s<\/span><\/a><\/div><\/div><\/article><article class='gutentor-post-has-thumb  grid-md-4 grid-sm-4 grid-xs-12 blog-grid'><div class=\"gutentor-single-item\"><div class=\"gutentor-single-item-image-box\"><div class=\"gutentor-image-thumb\"><img loading=\"lazy\" decoding=\"async\" width=\"631\" height=\"899\" src=\"https:\/\/apefadal.es\/wp-content\/uploads\/2022\/06\/Ficha-118-StreetRoundnet.jpg\" class=\"attachment- size- wp-post-image\" alt=\"\" \/><\/div><\/div><div class=\"gutentor-post-content\"><h3 class=\"gutentor-single-item-title\"><a href=\"https:\/\/apefadal.es\/index.php\/2022\/06\/05\/118-streetroundnet\/\" rel=\"bookmark\">118 &#8211; STREETROUNDNET<\/a><\/h3><div class=\"entry-meta\"><\/div><a class=\"gutentor-button gutentor-single-item-button gutentor-icon-hide\" href=\"https:\/\/apefadal.es\/index.php\/2022\/06\/05\/118-streetroundnet\/\"><i class=\"gutentor-button-icon fas fa-book\"><\/i><span>Leer M\u00e1s<\/span><\/a><\/div><\/div><\/article><article class='gutentor-post-has-thumb  grid-md-4 grid-sm-4 grid-xs-12 blog-grid'><div class=\"gutentor-single-item\"><div class=\"gutentor-single-item-image-box\"><div class=\"gutentor-image-thumb\"><img loading=\"lazy\" decoding=\"async\" width=\"633\" height=\"885\" src=\"https:\/\/apefadal.es\/wp-content\/uploads\/2021\/11\/Cto-Espana-Roundnet-indoor-2021-FS-2p-1-e1636712061339.jpg\" class=\"attachment- size- wp-post-image\" alt=\"\" \/><\/div><\/div><div class=\"gutentor-post-content\"><h3 class=\"gutentor-single-item-title\"><a href=\"https:\/\/apefadal.es\/index.php\/2021\/11\/12\/iii-campeonato-de-espana-de-roundnet-indoor\/\" rel=\"bookmark\">III Campeonato de Espa\u00f1a de Roundnet indoor<\/a><\/h3><div class=\"entry-meta\"><\/div><a class=\"gutentor-button gutentor-single-item-button gutentor-icon-hide\" href=\"https:\/\/apefadal.es\/index.php\/2021\/11\/12\/iii-campeonato-de-espana-de-roundnet-indoor\/\"><i class=\"gutentor-button-icon fas fa-book\"><\/i><span>Leer M\u00e1s<\/span><\/a><\/div><\/div><\/article><\/div><\/div><\/div><\/section>\n\n\n<hr class=\"wp-block-separator has-css-opacity\"\/>\n\n\n\n<figure class=\"wp-block-embed is-type-video is-provider-youtube wp-block-embed-youtube wp-embed-aspect-16-9 wp-has-aspect-ratio\"><div class=\"wp-block-embed__wrapper\">\n<iframe loading=\"lazy\" title=\"Roundnet: II Campeonato de Espa\u00f1a de Roundnet Indoor\" width=\"640\" height=\"360\" src=\"https:\/\/www.youtube.com\/embed\/xozXax8Upqc?start=53&#038;feature=oembed\" frameborder=\"0\" allow=\"accelerometer; autoplay; clipboard-write; encrypted-media; gyroscope; picture-in-picture; web-share\" referrerpolicy=\"strict-origin-when-cross-origin\" allowfullscreen><\/iframe>\n<\/div><\/figure>\n","protected":false},"excerpt":{"rendered":"<p>Miembros de:<\/p>\n","protected":false},"author":1,"featured_media":0,"parent":0,"menu_order":0,"comment_status":"closed","ping_status":"closed","template":"","meta":{"footnotes":""},"class_list":["post-289","page","type-page","status-publish","hentry"],"_links":{"self":[{"href":"https:\/\/apefadal.es\/index.php\/wp-json\/wp\/v2\/pages\/289","targetHints":{"allow":["GET"]}}],"collection":[{"href":"https:\/\/apefadal.es\/index.php\/wp-json\/wp\/v2\/pages"}],"about":[{"href":"https:\/\/apefadal.es\/index.php\/wp-json\/wp\/v2\/types\/page"}],"author":[{"embeddable":true,"href":"https:\/\/apefadal.es\/index.php\/wp-json\/wp\/v2\/users\/1"}],"replies":[{"embeddable":true,"href":"https:\/\/apefadal.es\/index.php\/wp-json\/wp\/v2\/comments?post=289"}],"version-history":[{"count":44,"href":"https:\/\/apefadal.es\/index.php\/wp-json\/wp\/v2\/pages\/289\/revisions"}],"predecessor-version":[{"id":8694,"href":"https:\/\/apefadal.es\/index.php\/wp-json\/wp\/v2\/pages\/289\/revisions\/8694"}],"wp:attachment":[{"href":"https:\/\/apefadal.es\/index.php\/wp-json\/wp\/v2\/media?parent=289"}],"curies":[{"name":"wp","href":"https:\/\/api.w.org\/{rel}","templated":true}]}}